of u(i)?
2, 5
Suppose 4*n - 3*f = 9, -4*n = -n + 2*f - 28. Suppose -4*w = 3*v - 14 - n, 0 = -2*w + 2*v - 4. Suppose -44 - 2 = -w*c. List the prime factors of c.
23
Let j be (-6)/4*8/(-6). Let b = j + 16. Let x = b + -11. List the prime factors of x.
7
Suppose -2*t + 0*t = -5*m + 1212, 0 = -3*m + 4*t + 730. Let s = m - 163. What are the prime factors of s?
79
Let b = 259 - -570. What are the prime factors of b?
829
Suppose 36 = -20*w + 16*w. Let t(d) = -d**2 - 14*d. What are the prime factors of t(w)?
3, 5
Suppose -3*k - 175 = 4*j, -8*j + 4*j - 145 = -3*k. Let t = j + 65. What are the prime factors of t?
5
Let x = 34 - 34. Suppose -2*i + x*i = -82. List the prime factors of i.
41
Let c = -1622 - -2839. List the prime factors of c.
1217
What are the prime factors of 65536/36 - (-148)/(-333)?
2, 5, 7, 13
Suppose 3*n - 3413 = 295. What are the prime factors of n?
2, 3, 103
Suppose -4*b - 1539 + 4179 = 0. List the prime factors of b.
2, 3, 5, 11
Suppose -2625*z - 3664 = -2629*z. List the prime factors of z.
2, 229
Let k(u) = -u**2 - 14*u + 6. Let p be k(-17). Let g = 90 + p. What are the prime factors of g?
3, 5
Let k(h) = h**2 - 23*h + 20. Let l be k(22). What are the prime factors of (12/(-15))/(l/395)?
2, 79
Suppose 4348 = 4*w + 5*m, 3*w - 5*m - 1137 = 2124. What are the prime factors of w?
1087
Suppose 14*s - 20223 = -7*s. List the prime factors of s.
3, 107
Suppose -13*u - 77 = -2066. What are the prime factors of u?
3, 17
Suppose -5*d + 5*c = -0*d - 50, 0 = 3*d + 5*c + 10. Suppose -200 = -d*p + 65. What are the prime factors of p?
53
Suppose 965 = 3*x - 127. Suppose -3*u - a = -88 - x, -2*u = 4*a - 308. List the prime factors of u.
2, 3, 5
Suppose 29*d = -51*d + 16320. What are the prime factors of d?
2, 3, 17
Suppose 5*u - 425 = -3*v + 116, -v + 2*u + 162 = 0. List the prime factors of v.
2, 43
Let v(u) = 6*u**2 - u. Let k be v(2). Suppose 0*x + k = 2*x. Suppose -4 = -3*i + x. List the prime factors of i.
5
Let i be 4/24*3*-12. Let q(s) = 1. Let n(t) = -t**2 - 9*t + 1. Let g(y) = i*q(y) + n(y). List the prime factors of g(-6).
13
Suppose -5*f + 6 + 4 = 0. Suppose 0 = -r + 2*j + 2, 0*r = -f*r - j + 14. Let y(t) = t - 3. List the prime factors of y(r).
3
Let t = 8 + -13. Let g(o) = -2*o**3 - 4*o**2 + 13*o + 8. List the prime factors of g(t).
3, 31
Let b be (15 - 12)/(-3*(-2)/(-4)). Let y(d) be the second derivative of d**4/3 + 2*d**3/3 + 3*d**2/2 - 2*d. What are the prime factors of y(b)?
11
Let b = 228 + 22. Suppose b = -0*v - 5*v + 3*g, 2*g + 150 = -3*v. List the prime factors of (-1 - -16)*(-20)/v.
2, 3
Suppose -5*d = -2*p + 24, d = -4*p - 0 + 4. Let k be (-4)/(0 + 4) - d. Suppose -4*r + 12 = -k*v, v = -5*r + r + 12. What are the prime factors of r?
3
Suppose 7*g + 196 = 10*g - 2*l, -l - 64 = -g. What are the prime factors of g?
2, 17
Let r(k) = -k**2 + 8*k - 2. Suppose -4*l + 53 = 145. Let c = l + 29. List the prime factors of r(c).
2, 5
Let r(z) = -z**2 - 50*z + 56. List the prime factors of r(-37).
3, 179
Suppose 5*p - 14 = 11. Suppose 2*q + 3 = p. Let t = 27 + q. What are the prime factors of t?
2, 7
Let w(c) = c - 6. Let h be w(8). Suppose h = -d - 3. Let t = 32 + d. List the prime factors of t.
3
Suppose -12332 = -12*o + 1948. List the prime factors of (-3)/((-15)/o) + 0.
2, 7, 17
Let s(k) = -57*k - 174. List the prime factors of s(-22).
2, 3, 5
Suppose 595 = n + 2*a, 5*n - 2951 = -7*a + 5*a. What are the prime factors of n?
19, 31
Suppose -v - 17 = -2. What are the prime factors of v/(-20) + (-3)/(-24)*178?
23
Let g(s) = s**3 + 18*s**2 - 20*s + 17. Let n be g(-19). Suppose h - 2*d + 6 = 0, 5*h + 2*d = -27 - 15. Let a = n - h. List the prime factors of a.
2, 11
Suppose 0 = -2*w + 2*r - 1516 + 4792, -3*w - 3*r + 4890 = 0. List the prime factors of w.
2, 19, 43
Suppose -4*f - 8 = 2*r, 0*f - 5*f - 23 = -4*r. Let i be (21/(-12))/(2/(-72)). Suppose r*b - i = b. List the prime factors of b.
3, 7
Suppose -5*v + 81 = 3*b, 11 = v - 0*b - 2*b. Let x be -1 + v/(-5) + -8. Let u = 6 - x. List the prime factors of u.
2, 3
Let n(v) = 4*v**2 + 19*v + 28. What are the prime factors of n(10)?
2, 3, 103
Suppose r - a = 957, 6*r - 5*a - 2865 = 3*r. List the prime factors of r.
2, 3, 5
Suppose -2*g + 4*i + 28 = 0, 5*g - 122 = -0*i - 3*i. List the prime factors of 3450/g + (-8)/(-44).
157
Let z(t) = -4*t + 69. Let w be z(-21). Suppose -2*p - w = -5*p. What are the prime factors of p?
3, 17
Let n(o) = 6*o**3 - 2*o**2 + 5*o - 4. Let b be n(1). Suppose -2*w + 153 = 2*a - 5*a, b*w = -2*a + 354. What are the prime factors of w?
2, 3
Let g be (-2)/(-4)*(337 - -1) + 3. Suppose 3*h - g = h. List the prime factors of h.
2, 43
Suppose 3*j - 230 = 106. What are the prime factors of j?
2, 7
Suppose 4*n - 375 = 197. Let a = 47 + n. What are the prime factors of a?
2, 5, 19
Suppose -6*s + 4*s = -6. Suppose -2*d + 4 = 0, -4*y = -s*y - 5*d - 49. List the prime factors of y.
59
Let u = 197 - 104. What are the prime factors of u?
3, 31
Let w(s) = 28*s - 4. What are the prime factors of w(19)?
2, 3, 11
Let y(i) = -i + 13. Let u be y(10). Let a(t) = -4*t**2 - u*t - 7*t**3 + 7*t + 9*t**3 - 6. What are the prime factors of a(3)?
2, 3
Let j = -130 + 555. What are the prime factors of j?
5, 17
Let p(w) = -172*w**2 + 1 - 4*w + 0 + 191*w**2. List the prime factors of p(-2).
5, 17
Suppose -150*f + 14994 = -141*f. What are the prime factors of f?
2, 7, 17
Let s = -9 - -4. Let l = -1 - s. Suppose -l*h + 8 = -32. What are the prime factors of h?
2, 5
Suppose -4*s = -435 - 2141. What are the prime factors of s?
2, 7, 23
Let c(s) = s**3 + 12*s**2 + 14*s + 36. Let a be c(-11). Suppose v = -a*v + 568. What are the prime factors of v?
2, 71
Suppose -w + o + 32 + 244 = 0, 4*o = -12. What are the prime factors of w?
3, 7, 13
Let w(a) = 21*a**3 - a**2 + 4*a + 5. Let m(u) = u**3 + u + 1. Let o(j) = -4*m(j) + w(j). Let q(c) = -3*c - 5. Let y be q(-2). List the prime factors of o(y).
17
Let b = -9 + 6. Let z be ((-40)/12)/(2/b). Suppose z*c - 5*n - 135 - 5 = 0, c + 4*n - 33 = 0. What are the prime factors of c?
29
Let g = 199 - 52. Suppose 17*u = 14*u + g. List the prime factors of u.
7
Let o(k) = 3*k**3 - 10*k + 13. List the prime factors of o(6).
601
Let f(w) = w**3 - 2*w**2 + 4*w - 6. Let o be f(4). Suppose -5*d = -o - 153. List the prime factors of d.
3, 13
Suppose 0 = 2*t + 52 - 576. What are the prime factors of t?
2, 131
Suppose -2*w + 0*w - 272 = -3*c, -5*c + 451 = -w. Let b = c + -20. Suppose -5*u = -15 - b. List the prime factors of u.
17
Let r = 166 + -162. Suppose g - 3*i = 82 + 142, 3*g + r*i - 672 = 0. List the prime factors of g.
2, 7
List the prime factors of 10/(-75) + (-76628)/(-60) + 6.
1283
Let j(o) = 20*o - 20. Let n(y) be the third derivative of 7*y**4/24 - 7*y**3/6 + 5*y**2. Let c(v) = 6*j(v) - 17*n(v). List the prime factors of c(3).
2
Suppose -10*x + 183 = -13157. What are the prime factors of x?
2, 23, 29
Suppose -7*n - 130 = -12*n. Let j = n + -24. Suppose -j*x = -0*l + 4*l - 256, 5*l = -x + 317. What are the prime factors of l?
3, 7
Let b = 3 - 5. Let j be (-4 + -5)/(b/(-2)). Let k = 20 + j. What are the prime factors of k?
11
Let a = -1149 + 3412. List the prime factors of a.
31, 73
Suppose -4*b = -6 - 2. Suppose l = -5*p + 14, b*p + p - 42 = -2*l. Suppose -2*a = 2*s - 3*s + l, 0 = -2*a - 4. List the prime factors of s.
2, 5
Suppose -2*c - 3*q + 338 = 0, 5*q = -c + 180 - 18. Suppose 4*z - c = 80. Suppose -f + z = 2*f. List the prime factors of f.
3, 7
Let x = -17 + 29. Let o = x - -1. What are the prime factors of o?
13
Let d = 927 - 446. List the prime factors of d.
13, 37
Suppose -3*g + 4176 = 4*m - 6*g, 2*m - 5*g - 2102 = 0. What are the prime factors of m?
3, 347
Let q(g) = 11*g - 2. Let t = -102 + 106. What are the prime factors of q(t)?
2, 3, 7
Suppose -4*a + 4*v = -a - 48, a - 2*v = 14. Suppose 2*l + 2*l - a = 0, 0 = 3*u + l + 1. List the prime factors of u/(-5) - 192/(-20).
2, 5
Suppose 217*v = 216*v + 104. List the prime factors of v.
2, 13
Suppose 5*l = 799 - 79. Suppose -5*j + j = -5*w - 51, -5*w = -2*j + 33. Suppose -j*z + l = -5*z. List the prime factors of z.
2, 3
Suppose 11*b - 37248 + 11651 = 0. What are the prime factors of b?
13, 179
Suppose 27313 + 17176 = 17*r. What are the prime factors of r?
2617
Let r = 5866 - 3915. List the prime factors o